 2*x + k + s, 2*x = 2*k - 4. What is the units digit of x + -2 + 3 + -2?
1
What is the units digit of 4520/24*(2 + 1)?
5
Let n(l) = 16*l + 2. Let i be n(2). Let k = i - -11. What is the tens digit of k?
4
Suppose 5*k + 5 = -5*x, x - 2*x = -3*k + 1. Let b(z) = -80*z**3 + z**2 + z + 1. What is the tens digit of b(x)?
8
Suppose -8*d = -4339 + 1483. Suppose -4*r = -r - d. What is the units digit of r?
9
Let k be (-4 + (-6)/(-3))*-4. Let x(a) = 14*a - 29. What is the units digit of x(k)?
3
Let n be ((-1)/(-3))/1 + (-711)/27. Suppose 0 = -w + 38 + 8. Let c = n + w. What is the tens digit of c?
2
Let n = 412 - 31. What is the units digit of n?
1
Suppose 15*q + 24 = 12*q. What is the units digit of q/(-10)*(-60)/(-24)?
2
Let k = -18 + 10. Let b = 0 + k. What is the units digit of (b/(-3))/((-4)/(-12))?
8
Let z = 3423 + 652. What is the tens digit of z?
7
Let i(z) = -z**2 + 8*z - 4. Let a be i(7). Let s(t) = 3 - 4 + 11*t**2 + 0 + t**a + 13*t + 0. What is the units digit of s(-9)?
4
Let b(x) = 23*x**2 - 2*x - 3. Let q be b(-2). Let u = -35 + q. Suppose -z = -5*i + i + u, -3*z - 20 = -i. What is the tens digit of i?
1
Suppose c + y - 6 = 0, 4*c + 5*y - 7*y = 0. Suppose -4*j = -4*n + 110 + 166, -n = -2*j - 72. What is the units digit of (8 - n)/(c*-1)?
9
Let f = -29 + 92. Suppose i = 4*v - 121, 0*v - 3*i = -2*v + f. What is the units digit of v?
0
Suppose 4*g + d - 4*d = 94, -4*g = 3*d - 82. Suppose 2*t + 3*q = -3*t + 168, 3*t - 94 = 5*q. What is the tens digit of (-53)/(-3) - g/t?
1
Let n(d) = -d**3 + 14*d**2 + 16*d - 9. Let y be n(15). Let t(r) = 3*r**2 - 9*r - 12. What is the tens digit of t(y)?
4
Let i be (-630)/77 - 4/(-22). Let n(b) = -b**3 - 8*b**2 - b + 18. What is the units digit of n(i)?
6
Suppose 6*i + 36 - 264 = 0. Let d = 74 - i. Suppose 3*g = d + 12. What is the units digit of g?
6
Suppose 225 = x - 6*x. Let l = x - -99. What is the tens digit of l?
5
Suppose -41*f = -57*f + 25184. What is the hundreds digit of f?
5
Suppose -2*h = 18 + 4. Let v = h + 73. What is the units digit of v?
2
Let y = 1174 - 863. What is the units digit of y?
1
Suppose -5*r + 65 - 15 = 0. Suppose -2 = 3*z - 4*a + 3, z + a = r. Suppose z*p - 189 = 71. What is the tens digit of p?
5
Suppose l - 3*t = 105, -l + 5*l - 3*t = 447. Suppose 4*y = -k + 193, l = 2*y + k + 3*k. What is the tens digit of y?
4
Let a(p) = p**2 - p + 2. Let q be a(2). Let y = -267 + 261. What is the units digit of y*q*1/(-6)?
4
Let g(q) = -q**3 + 12*q**2 - 11*q + 25. Suppose 0 = -2*t + 19 + 1. What is the units digit of g(t)?
5
Suppose 5*z = s + 4, -5*s = -2*z - 0 - 3. Let q be s/4 - 196/16. What is the tens digit of 2*-5*q/8?
1
Let v = 910 + -532. Suppose -5*z - z + v = 0. What is the units digit of z?
3
Suppose -1297 = -8*g + 3903. What is the hundreds digit of g?
6
Let n = -64 + 69. Suppose -301 = -2*t - n. What is the units digit of t?
8
Let l(t) = -19*t**3 + t**2 + t. Suppose -2*z - 6*r + 21 = -r, z = 5*r - 27. What is the tens digit of l(z)?
5
Let a be (-6)/21 + (-25)/(-70)*-2. Let i = -8 - -5. What is the units digit of i/(2 - (4 + a))?
3
Let j be 0/(-2) + 54/3. Let f = j - 18. Suppose -19*c + 22*c - 36 = f. What is the tens digit of c?
1
Let d(s) = -s**2 - 13*s - 12. Let w be d(-12). Suppose z + w*z + 18 = 0. What is the units digit of 52/5 - z/(-45)?
0
Let g be 137/(-4)*(2 + -6). Suppose 5*n = 2*k + g, -n + 5*k = -7 - 25. What is the tens digit of n?
2
Let f(j) = 10*j**3 + 3*j**2 + 11*j - 78. What is the hundreds digit of f(4)?
6
Suppose d - 3*k = 234, 5*d - 946 = 4*k + 224. What is the hundreds digit of d?
2
Let b(r) = -12*r - 4. Suppose 4*t + 30 = -3*m, m + 3*t + 2 + 13 = 0. What is the units digit of b(m)?
8
Let w = -11 + 56. Let r be (-5 - -5 - -6) + -2. Suppose -w = -r*s + 19. What is the units digit of s?
6
Let f = 4922 - 2739. What is the tens digit of f?
8
Let j(s) = -s**2 - 6*s + 2. Let g be j(-6). Let t(z) = 13*z + 1. What is the units digit of t(g)?
7
Suppose -1 = -5*w + 14. Suppose s - 4 = -w*s. What is the units digit of s?
1
Let f = 3999 + -1017. What is the tens digit of f?
8
Let d(s) = -s**3 - s**2 - 2*s + 146. Suppose 6 = p - 3*g, p + 6 = -p - 3*g. What is the units digit of d(p)?
6
Let b = 35 + -31. Suppose b*w = -67 + 511. What is the hundreds digit of w?
1
Suppose o - 2*k = 4780, -4*o - 2*k = -4*k - 19114. What is the hundreds digit of o?
7
Let b = 5501 + -89. What is the units digit of b?
2
Suppose 4*w - 8 = 2*i + 4, 0 = i + 4*w - 12. Suppose -2*u + 10 + 14 = i. Let g(s) = s**3 - 13*s**2 + 11*s + 14. What is the units digit of g(u)?
2
Suppose 149*t = 158*t - 11394. What is the units digit of t?
6
Let n(o) = o**3 + o**2 + o - 1. Let z(r) = -2*r**3 - 2*r**2 - 2*r + 1. Let k(p) = 3*n(p) + z(p). What is the tens digit of k(3)?
3
Suppose 16 = 2*u + 2*g, -19 - 6 = -5*g. Suppose -86 = -u*k - 5*v, v - 8 = k - 50. What is the units digit of k?
7
Suppose -2*d - 3*d + 3*j = -12610, 4*j = -2*d + 5018. What is the hundreds digit of d?
5
Suppose 0 = 5*i - 5*v - 18640, -65*i - 3*v + 11178 = -62*i. What is the tens digit of i?
2
Let q(l) = -l**3 - l - 78. Let r be q(0). Let m = r + 136. What is the tens digit of m?
5
Suppose 4*x + 15 = 5*k, -5*k + 2*x + 12 = -3. Suppose -4*p + k*w = w - 998, -5*p = w - 1265. What is the tens digit of p?
5
Let k(s) = 4*s**2 - 1. Let o be k(-1). Suppose -16 = -4*a, -2*u - 3*a + 296 = -4*a. Suppose 5*l = -o*b + 182, -l - u = -6*l + 5*b. What is the units digit of l?
4
Let s = 7 + -2. Suppose j - 3*j - 35 = y, -4*y = s*j + 140. Let r = y + 79. What is the units digit of r?
4
Let f(w) be the second derivative of w**4/12 + w**3/3 - 3*w**2 - 4*w. What is the units digit of f(5)?
9
What is the hundreds digit of (-28960)/(-26) + (-16)/(-104)?
1
Suppose -15 = 3*m, 5*w - m + 5 = m. What is the units digit of (-1)/w + 1040/12?
7
Let g(q) = q**2 + 3*q + 3. Let n be g(-3). Let h be n - (-12)/(-4) - -7. Suppose 3 = w + 3*s - 24, 0 = -w + 2*s + h. What is the units digit of w?
5
Let w(d) = -d**2 + 5*d - 1. Let t be w(3). What is the tens digit of (6/t)/(27/3690)?
6
Let i(r) = 3*r - 13. Let z = 3 - 5. Let c(s) = -3*s + 12. Let k(g) = z*i(g) - 3*c(g). What is the units digit of k(10)?
0
What is the units digit of 725*1 - (-25 - -19)?
1
Let q(y) = y - 11. Let b be q(16). Suppose -1 = b*w - 4*w, -5*r = w - 129. What is the units digit of r?
6
Let g = 14 + -9. Suppose -5*v + 4 = -2*z, g*z = 2*v - 0*v + 11. Suppose 123 = 4*l + z. What is the units digit of l?
0
Suppose -745 = -6*y + y. Suppose y = -3*g + 386. What is the units digit of g?
9
Suppose -13 = -j + 7. Let g = 17 - j. What is the units digit of (-1)/(1/(g + 2))?
1
Suppose 4*d + 23 = 5*d. Let u = d + -3. What is the units digit of u?
0
Suppose -4*k - 2027 = -5*x - 18338, -3*k + 12242 = 5*x. What is the thousands digit of k?
4
Suppose -b + 2*q + 1865 = -1201, 0 = -2*b - 2*q + 6126. What is the units digit of b?
4
Let z be (-20)/(-30)*-3*1. What is the units digit of 2*3/(-6) - -26 - z?
7
Let p = -755 - -893. What is the tens digit of p?
3
Let p(n) = 233*n**2 - 6*n + 19. What is the units digit of p(3)?
8
Let f be 0*(-1)/(-4) + 9. Let q = 11 - f. Suppose -3*x - q = -65. What is the units digit of x?
1
What is the hundreds digit of (-1 + 10/4)/((-81)/(-184464))?
4
Let x be 0 + (-8)/36 + (-20)/(-9). Suppose -29 = x*m - 145. What is the tens digit of m?
5
Suppose -6*y + 10155 = -y. What is the thousands digit of y?
2
Let k(p) be the third derivative of p**7/2520 - p**6/360 + p**5/24 - p**4/8 + 6*p**2. Let o(b) be the second derivative of k(b). What is the tens digit of o(4)?
1
Let p be 16/4 + -2 + 0. Suppose -4*y + 484 = -4*x, 3*x + p*x - 139 = -y. What is the tens digit of y?
2
Let j = -38 + 11. Let u = -18 - j. What is the units digit of u/((-3)/9*-3)?
9
Let b(w) = -2*w**3 + 11*w**2 - w + 6. Let i be b(5). Let a = i + -1. What is the units digit of a?
5
Let w(t) = -2*t**2 + 11*t - 9. Let i be w(4). Suppose -2*y - 3*m = -18, -i*y + 4*m = -4*y - 1. What is the units digit of y?
5
Suppose -5*h - 29*h + 81090 = 0. What is the thousands digit of h?
2
Let i = -486 - -507. What is the units digit of i?
1
Suppose -b - 4*i + 900 = 279, -b + 621 = -i. Suppose 0*x = 9*x - b. What is the units digit of x?
9
Suppose 0 = 2*c - 23 + 1. Let z = -8 + c. Suppose 4*a + 34 = 2*s, -s + z = a - 14. What is the tens digit of s?
1
Sup